remainder when g - (-108 + (-3 - -3)) is divided by 40.
31
Let j(q) = 9*q - 2. Let p be j(1). Suppose 3*n + a + 12 = 33, n - p = 2*a. Suppose -n*s = -2*s - 80. Calculate the remainder when 29 is divided by s.
13
Let d be ((-14)/21)/(-1 - (-4)/3). Let z(h) = -2*h**3 - h**2 + h + 2. Calculate the remainder when z(d) is divided by 3.
0
Let n(p) = 22*p**2 + 3. Let z be n(-4). Suppose z = -s + 6*s. Let j = s - 48. Calculate the remainder when j is divided by 8.
7
Suppose x + 2*k + 25 = 0, 2*x + k + 23 + 15 = 0. Let a = x + 15. Calculate the remainder when 14 is divided by a*(-3)/1 - 0.
2
Suppose -2*h + 195 = 3*h + 2*b, -15 = 3*b. Calculate the remainder when 241 is divided by h.
36
Suppose 0*z + 7*z = -42. Let b(a) = -a**2 - 9*a - 2. What is the remainder when b(z) is divided by (-3)/(0 + 3) + 10?
7
Let m(s) = -11*s**2 - s - 11. Let n be m(-3). Let p = 181 + n. What is the remainder when p is divided by 26?
22
Suppose -10*r + 768 = -4*r. Let u = -92 + r. What is the remainder when u is divided by 13?
10
Suppose h = 4, -3*g + 3*h + 136 = -2*h. What is the remainder when 242 is divided by g?
34
Let k(a) = 2*a**3 - 2*a**2 + a + 2. Let h be 5 - 3 - (1 - 1). Let r(n) = -n**2 - 33*n - 83. Calculate the remainder when r(-28) is divided by k(h).
9
Suppose 3*a + 2 - 11 = 0. Suppose 0 = a*d + 4*c - 17 - 73, 2*d - 2*c - 46 = 0. What is the remainder when 75 is divided by d?
23
Let g(c) = -3*c - 5. Let y be 14 + (2 + -7 - -3). Suppose -y = 4*o + 16. What is the remainder when 63 is divided by g(o)?
15
Suppose 42*i + 2112 = 11814. What is the remainder when i is divided by 109?
13
Let k = 57 - 39. What is the remainder when 94 is divided by ((-138)/k + -3)*(-3)/2?
14
Let c be (-15 + 14)/((-2)/(-4)). Calculate the remainder when 8 is divided by 30/7 + c/7.
0
Let n be ((-108)/3 - 0) + -3. Let f = 47 + n. What is the remainder when f is divided by 4?
0
Suppose 3282 + 4209 = 11*h. Calculate the remainder when h is divided by 19.
16
Suppose 4*h + d = -2, 2*h - 2*d - 3 = 1. Suppose -c + h = -31. Calculate the remainder when c is divided by 17.
14
Suppose 35*s + 6897 = 46*s. What is the remainder when s is divided by 63?
60
Let q(b) = -b**3 + 5*b**2 - 3*b - 7. Let f be q(3). Calculate the remainder when (-1204)/(-24) - f/12 is divided by 26.
24
Let s(i) = 4*i**2 - 16*i + 2. What is the remainder when s(5) is divided by 5?
2
Suppose -3*f = 6*f - 3*f. Let q = 26 - f. Calculate the remainder when 49 is divided by q.
23
Suppose -3*m + 2*b = -47 - 29, -b = -m + 25. Calculate the remainder when 197 is divided by m.
15
Let f(x) = -26*x - 238. Calculate the remainder when f(-23) is divided by 63.
45
Let w(z) = 3*z**2 - 2*z + 2. Let u be w(-5). Let g(x) = x**2 - 15*x. Let f be g(15). Suppose 3*s + f*s = u. What is the remainder when s is divided by 6?
5
Let w(d) = d**3 + 7*d**2 + d + 3. Let o = 251 - 119. Let y = o - 115. What is the remainder when w(-5) is divided by y?
14
Suppose -15 = 3*i, o + 21 = -5*i + 3. Suppose -74 = -5*h + 76. Suppose 0*t + t - 13 = y, 2*t - h = 4*y. What is the remainder when t is divided by o?
4
Let k(a) = 18 + 2*a - 5*a + 2*a - 5. Suppose -q + 0*q + 10 = 0. What is the remainder when q is divided by k(9)?
2
Suppose -3*p + 4 = -2*p + 3*v, 2*p - 4*v = -2. Let g(u) = 6*u**3 + 2*u**2 - 2*u + 1. What is the remainder when (20/12 + -1)*18 is divided by g(p)?
5
Suppose -b + 123 = -0*b. Let f = b + -69. What is the remainder when f is divided by 14?
12
Let p(u) = -u**3 - 22*u**2 - 3*u - 13. What is the remainder when p(-22) is divided by 31?
22
Let m = -12 + 8. What is the remainder when (-6)/(-4) + (-346)/m is divided by 18?
16
Let p(d) = 17*d - 5. Let v(g) = g**3 - 10*g**2. Let k be v(10). Suppose 7*x - 9*x + 4 = k. What is the remainder when p(x) is divided by 15?
14
Suppose -220 = -0*h - 5*h. Suppose 2*i + 174 = 3*i + 3*v, -2*v = 0. What is the remainder when i is divided by h?
42
Let w(y) = -y**3 + 16*y**2 - 36*y + 42. What is the remainder when 402 is divided by w(13)?
78
Let i be 4/(2 + 0) + 4. Let x(k) = -4 + 3 + k**2 + 4 - 5*k. What is the remainder when 35 is divided by x(i)?
8
Let q = 36 - 4. Calculate the remainder when 36 is divided by q.
4
Let l = -43 + 48. Suppose 2*q = l*j - 4*j + 100, 3*q - 5*j - 157 = 0. What is the remainder when 143 is divided by q?
45
Suppose 2*i = 5*z - 21, -2*i - z + 13 - 4 = 0. Calculate the remainder when 21 is divided by i.
1
Suppose -3*z + 10 = 2*z, 0 = 3*r + 5*z + 1049. Let u = r - -515. What is the remainder when u is divided by 33?
30
Let o = -1427 + 1436. What is the remainder when 223 is divided by o?
7
Let h(d) = -27*d - 200. What is the remainder when 289 is divided by h(-11)?
95
Let d(f) = -f**2 - 16*f - 10. Let c be d(-7). Suppose -4*g = -c - 11. Let q = -3237 + 3268. Calculate the remainder when q is divided by g.
15
Let s = -315 - -551. What is the remainder when s is divided by 30?
26
Suppose -2*v + 0*v = -8. Suppose -1 = -v*n - 5. Calculate the remainder when 19 is divided by 7/1*(n - -2).
5
Suppose 41*c = 44*c - 402. Let o = -90 + c. Calculate the remainder when o is divided by ((-24)/(-10))/(3/30).
20
Let o = 1 + 2. Suppose -2*t + 90 + 150 = 3*r, -o*t + 4*r = -360. Suppose 4*b - 8*b = -t. Calculate the remainder when b is divided by 16.
14
Let s = 113 - 96. What is the remainder when 80 is divided by s?
12
Suppose 34*u - 178 = 32*u. Suppose u + 91 = 5*g. Calculate the remainder when g is divided by 19.
17
Let x(f) = 5*f**2 + 10*f - 7. Let o be x(-5). Suppose o - 11 = 3*n. What is the remainder when 91 is divided by n?
15
What is the remainder when 7 + -9 + 2 + -2 + 42 is divided by 9?
4
Suppose -28 - 280 = -4*u. Calculate the remainder when u is divided by 28.
21
What is the remainder when (-1)/7*-2*259 is divided by 5?
4
Suppose 0 = i - 6*i + 25. Let o(q) = q**3 - 8*q**2 + 11*q - 13. Let g be o(9). Let z = 174 - g. Calculate the remainder when z is divided by i.
2
Suppose n - 2*n = -8. Let d(s) = -5*s - 39. Let r be d(-13). Let k = -3 + r. Calculate the remainder when k is divided by n.
7
Let b = -120 + 69. Let x = -7 - b. What is the remainder when x is divided by 12?
8
Let w(h) = -220*h + 3. Calculate the remainder when w(-2) is divided by 28.
23
Let o(s) = -2*s - 3. Let j be (8/(-5))/((-8)/(-40)). Suppose 5*r - 4*r = 37. What is the remainder when r is divided by o(j)?
11
Suppose 20 + 0 = -4*d, 5*t = -d + 470. Let i = 364 + -344. Calculate the remainder when t is divided by i.
15
Let d(f) = f**3 + 9*f**2 + f + 12. Let u be d(-9). Suppose -6 = u*p - 204. Let k = 15 + 2. What is the remainder when p is divided by k?
15
Let f(d) = -d**3 + 2*d**2 - 2*d - 2. Suppose -4*a + 1 = -p + 30, -5*a + 32 = 4*p. Calculate the remainder when f(-3) is divided by p.
10
Suppose 4*c + c - 340 = 0. Let m = 75 + -52. Calculate the remainder when c is divided by m.
22
Let m(h) = -h**3 - 10*h**2 + 8*h + 16. What is the remainder when m(-11) is divided by 10?
9
Let q(k) = 5*k**2 + 24*k - 22. Calculate the remainder when 51 is divided by q(-6).
9
Let j be 1*8*21/21. What is the remainder when 25 is divided by 12/j*84/9?
11
Suppose -o - 3*o - 163 = -3*h, 5*o = h - 201. Let q = -36 - o. Calculate the remainder when 17 is divided by q.
1
Let h = -464 - -486. What is the remainder when 73 is divided by h?
7
Let q be 1*-76*(-3 - -4). Let h be -1*(2/(-1) + q). Suppose 4*g = h + 78. Calculate the remainder when g is divided by 14.
11
Calculate the remainder when (96/72)/(600/(-603) + 1) is divided by 68.
64
Suppose -4*s = 2*u - 818, -793 = -12*u + 10*u + s. Calculate the remainder when u is divided by 50.
49
Suppose 0 = 12*l + 30*l - 840. What is the remainder when 395 is divided by l?
15
What is the remainder when 118 is divided by (0 + 33 - 8) + -10?
13
Suppose -2*j + 46 = -4*t, 3*t + 97 = 5*j - t. What is the remainder when 42 is divided by j?
8
What is the remainder when 215 - (-2 - (-7 - 1)) is divided by 37?
24
Let x be ((-16)/(-20))/(2/10). Suppose -57 - 355 = -x*i. What is the remainder when -1 + i + (4 - 7) is divided by 20?
19
Suppose 319 - 7 = 12*r. Suppose b + 4*c = 122, 0*b + 2*b - 219 = -3*c. What is the remainder when b is divided by r?
24
Suppose -5*w + 260 = -3*g, 16*w - 2*g = 17*w - 65. Calculate the remainder when w is divided by 21.
13
Calculate the remainder when (82 + (4 + -8 - -5))/1 is divided by 1